6). What is the greatest common factor of 62 and v?
62
Let c(z) = -z**3 + 5*z**2 + 2*z + 4. Let p be c(4). Suppose 0 = 4*l + 4*y - 21 - 15, -y - 1 = 0. Let a = 24 - l. Calculate the highest common factor of p and a.
14
Let a be 935/(-22)*(12/(-5) + 2). What is the highest common divisor of a and 221?
17
Let w(c) = -15*c - 3. Let j = -22 + 11. Let y be w(j). Suppose 0 = -4*t + t + 54. What is the highest common divisor of y and t?
18
Suppose -y - 3*u = -110, -5*y - 47 = -3*u - 651. Calculate the highest common factor of y and 2023.
119
Let k be ((-8)/(-6))/(4/30). Suppose -13 = 4*b - l, b + 17 = -b - 3*l. Let u be (180/24)/((-1)/b). What is the greatest common divisor of u and k?
10
Let w be ((-3)/((-6)/22))/((-58)/(-1392)). Calculate the highest common divisor of w and 16.
8
Suppose 2*j + w - 1 = 0, 13*j - 8*j - w - 20 = 0. Calculate the highest common factor of j and 6.
3
Let r = -187 + 237. Calculate the greatest common factor of 10 and r.
10
Let d = 25 - -33. Suppose 17 + d = 3*r. What is the greatest common divisor of 75 and r?
25
Let q be (-5)/15 + (-14)/3. Let u(v) = v**3 + 3*v**2 - 7*v + 1. Let w be u(q). Let n be 4/20 + w/(-5). What is the greatest common divisor of 18 and n?
3
Let k be -5 + (-1)/(-2)*0. Let q = 11 + k. Suppose -5*l + 19 = -m, -l = -q*l - 3*m + 3. Calculate the greatest common divisor of l and 3.
3
Let q(a) = -27*a + 81. Let x be q(-28). What is the highest common divisor of 186 and x?
93
Let g = 155 + -132. Let x(k) = k**2 - 22*k + 1. Let b be x(g). What is the highest common factor of b and 18?
6
Let a(n) = -n**2 - 5*n - 6. Let r be a(-3). Let p(f) = -f**2 - f + 39. Let o be p(r). Calculate the greatest common factor of 13 and o.
13
Suppose 0 = -6*c - 198 + 2028. Calculate the greatest common divisor of 183 and c.
61
Suppose 4*v - 6 = -2*u - 106, 4*u - 4*v + 140 = 0. Let t = u + 50. What is the greatest common divisor of t and 70?
10
Let m = 5 - -5. Suppose 4*o - 5 = -9. Let x be 52 + o - (-6 - -7). Calculate the highest common divisor of x and m.
10
Suppose 4*o = -4*k, 2*o + 9 = k - 0. Suppose -m - k*m = -4. Let x be 50/4 + m/2. What is the greatest common divisor of x and 117?
13
Let d(q) = q**3 + 10*q**2 - 12*q - 2. Let r be d(-11). Let j(s) = s - 4. Let i be j(10). Let n = 9 - i. What is the highest common factor of r and n?
3
Let g be 1 - 6 - (-1 - -3). Let r be -21*(-4)/(-12)*g. Calculate the highest common divisor of r and 539.
49
Let l(x) = -x**2 + 12*x - 6. Suppose -25 = -4*s + o, 1 = s + 3*o - 2. Let u be l(s). Calculate the greatest common factor of u and 270.
30
Let a be -3 + 19 - 12 - -32. Calculate the highest common factor of a and 72.
36
Let g(m) = 26*m**2 + 28*m - 5. Let x be g(-3). What is the highest common factor of x and 232?
29
Let o(w) = 14*w. Suppose -5*q = -4*q - 1. Let m be o(q). Calculate the greatest common factor of 70 and m.
14
Let a = -225 - -233. Calculate the highest common divisor of 104 and a.
8
Let u be 2/6 - (-2411)/3. Suppose -3*p + u = -7*p. Let c = -138 - p. Calculate the highest common factor of c and 9.
9
Let s = 1644 + -1589. Calculate the highest common factor of s and 35.
5
Suppose m - 206 = -m - 5*l, 3*m = 3*l + 288. Calculate the greatest common factor of m and 2.
2
Let x(l) = l + 19. Suppose 2*c - 7*c = 65. Let u be x(c). Let y be u/(-1 - 1) - -16. Calculate the highest common factor of 117 and y.
13
Let m = 332 - 318. Calculate the greatest common divisor of m and 14.
14
Let p(q) = -q**3 - 51*q**2 - 62*q - 17. Let z be p(-50). Calculate the greatest common factor of z and 77.
11
Let k(d) = -4*d + 18. Let x be k(5). Let n be 3*-85*x/6. Calculate the greatest common factor of n and 34.
17
Let s = -20 + 25. Let g(x) = -x**3 + 7*x**2 - 6*x - 5. Let y be g(s). Let k(h) = 133*h + 2. Let q be k(1). What is the greatest common factor of y and q?
15
Suppose 50 = -2*q + 3*p - p, 0 = -5*q + 3*p - 125. Let r be 40/q*(-45*1)/3. What is the highest common factor of r and 120?
24
Suppose 5*q - 5*m = -43 + 158, -3*q + 5*m + 61 = 0. Suppose -5*d + 540 = -0*d. Calculate the highest common divisor of d and q.
27
Let g(x) = 4*x**2 + 3*x + 4. Let h be g(4). Let l be (-6)/2 + 11/((-33)/(-39)). Calculate the highest common factor of h and l.
10
Let h(o) = -o + 1. Let d(k) = 31*k - 4. Let y(p) = d(p) + 6*h(p). Suppose -9*q + 3 = -8*q. Let a be y(q). What is the greatest common factor of a and 7?
7
Suppose 0 = -6*q + 5*q + 8. Let i be ((-18)/15)/(q/(-20)). Suppose 0 = i*x - 8*x + 10. What is the greatest common factor of 8 and x?
2
Suppose -4*z + 3*w = 6*w - 29, 4*z - 3*w = 11. Let h = z + -4. Suppose -h = -5*j + 9. What is the greatest common divisor of j and 10?
2
Let y be 1/5 + 4/(-20). Let l(c) = c**3 + c**2 + c + 20. Let t be l(y). Let o = 165 + -65. Calculate the highest common divisor of o and t.
20
Suppose -5*g - 132 = 2*r, r + 4*g + 65 = -7. Let t = -54 - r. Calculate the highest common factor of 22 and t.
2
Let i = 1631 - 1586. Calculate the highest common divisor of i and 240.
15
Suppose -3*y + 378 = -810. What is the highest common factor of 44 and y?
44
Suppose 9*s - 288 = -72. Calculate the highest common divisor of s and 24.
24
Suppose 132 - 369 = 3*p. Let a = p + 142. Suppose x - 2*q - 50 = 0, -1 = 3*q + 11. What is the greatest common divisor of x and a?
21
Let g be -3 + (-15)/(1 - 4). Let x = 10 + g. Calculate the greatest common factor of x and 12.
12
Suppose 2*c + c - 30 = -2*p, 48 = 3*p + 3*c. Suppose 3*u + u + p = 5*s, 6 = 2*u. Let v be 4/(-8) - (-75)/s. Calculate the greatest common factor of v and 30.
6
Let a(x) = x**2 + 46*x - 837. Let w be a(14). Let g(m) = -3*m**3 + m**2 + m. Let r be g(-1). What is the greatest common factor of w and r?
3
Suppose 0 = -18*n + 22*n. Suppose 3*y + 5*c - 152 + 21 = n, 3*c + 25 = y. Calculate the highest common factor of 148 and y.
37
Suppose 0 = 5084*o - 5074*o - 32680. What is the greatest common factor of 19 and o?
19
Suppose 3*x + 12 = 0, 4*y - 2*x - x - 100 = 0. Suppose -62 + 68 = -3*v. Let j be (3 + 69/(-12))/(v/176). What is the highest common factor of y and j?
22
Let p be (8/2)/4 + 89. What is the greatest common divisor of 12 and p?
6
Let x(o) = -o**3 - 3*o**2 + 4. Let d be x(-3). Let i be (-2)/6*(5 - 8). Calculate the highest common divisor of d and i.
1
Let j(l) = 21*l + 593. Let b be j(-3). What is the greatest common divisor of 80 and b?
10
Suppose 8*t = 3*t + 5. What is the highest common factor of 8 and t?
1
Let j(k) = k**3 + 9*k**2 + 16*k - 10. Let y be j(-6). What is the greatest common divisor of 278 and y?
2
Suppose 2*k + 84 = -2*m + 5*m, -4*k = -12. What is the greatest common divisor of m and 30?
30
Suppose 330 = 4*p + 2*h, 247 = 3*p - 0*p + 2*h. Let n = p - 76. What is the greatest common divisor of 49 and n?
7
Let y = 303 - 278. What is the highest common divisor of y and 100?
25
Let u = 454 - 398. What is the greatest common divisor of u and 1260?
28
Let k(f) = f**2 + 2*f - 2. Let v be k(4). Let m(z) = 12*z**2 - 3*z + 2. Let w be m(2). Suppose r = -0*r + w. What is the highest common divisor of r and v?
22
Let z be (-24)/36 - (-256)/6. Let i = z - 33. Calculate the highest common divisor of i and 1.
1
Let t = 145 + -95. Let h be t + (-8)/6*-3. Let i = h - 4. What is the greatest common factor of i and 20?
10
Suppose 0 = -3*a + 34 + 101. Suppose l - a = 2*w - w, 4*w = 3*l - 131. What is the highest common factor of 7 and l?
7
Let m = -18 + 72. Suppose -l + 2*r + 5 = 0, -5*l + 19 = 3*r + 7. Suppose 36 = l*k + k. What is the greatest common factor of m and k?
9
Let k be (20/30)/((-3)/(-243)). What is the greatest common divisor of 4 and k?
2
Suppose 25*u - 14*u - 297 = 0. What is the highest common divisor of u and 675?
27
Let g(o) = o**2 - 4*o + 3. Let d be g(4). Suppose -5*x + 20 = -d*x. Calculate the greatest common factor of 50 and x.
10
Let u(t) = -7*t**3 + t**2. Let m be u(3). Let n = m - -257. What is the greatest common divisor of 7 and n?
7
Let n(j) = -j + 2. Let m be n(0). Suppose -3*d = -6, 0*z - d = -m*z - 16. Let p(f) = -5*f - 10. Let t be p(z). What is the highest common factor of t and 5?
5
Let y be (-6 + -2)/((-2)/19). Suppose 0*w + 183 = 3*w. Let k = w + -42. What is the highest common factor of y and k?
19
Suppose 3*h + 19 = 2*a - 20, -3*h = -5*a + 84. Suppose 4*x = a - 7. Suppose n - 3*c + x 